
6a
In base 15, what is -1 - -2a?
29
In base 8, what is -42 - 12?
-54
In base 9, what is -107 + 222?
114
In base 5, what is 3002 - 0?
3002
In base 16, what is 3 - -da?
dd
In base 9, what is 3 + 2280?
2283
In base 15, what is 17 - c4?
-ac
In base 12, what is -10357 + -3?
-1035a
In base 11, what is -5 + -90?
-95
In base 6, what is -3 - 3213?
-3220
In base 10, what is 33 - -20?
53
In base 13, what is cb + -2?
c9
In base 7, what is 143 + -1?
142
In base 10, what is -4 - 3869?
-3873
In base 13, what is 1 - 103b?
-103a
In base 16, what is -185 + -a?
-18f
In base 4, what is -123 + 12020?
11231
In base 3, what is 110210 + -11?
110122
In base 16, what is -3 - -200?
1fd
In base 3, what is 2 + 10010?
10012
In base 5, what is 11243 - 102?
11141
In base 7, what is -13354 + -2?
-13356
In base 16, what is ba + -4?
b6
In base 10, what is 100 - 207?
-107
In base 5, what is 40 + 4?
44
In base 14, what is -269 + 1?
-268
In base 11, what is 5 + 1101?
1106
In base 2, what is -101 - -1010110?
1010001
In base 6, what is 5 + 13453?
13502
In base 13, what is -1a - -3?
-17
In base 12, what is 2a3 + -1?
2a2
In base 7, what is 542 - -1?
543
In base 8, what is -42335 + 5?
-42330
In base 10, what is -59 + -175?
-234
In base 8, what is -4 - 133?
-137
In base 2, what is -1010010001011 + -11?
-1010010001110
In base 15, what is 83c - 5?
837
In base 13, what is -6488 + -2?
-648a
In base 5, what is -11 + 24030?
24014
In base 16, what is 2a + b7?
e1
In base 16, what is -5 - cc?
-d1
In base 13, what is 2 + 5a?
5c
In base 5, what is -10 - -402?
342
In base 11, what is 2 + -50?
-49
In base 11, what is 126 - -2?
128
In base 8, what is -251 + 237?
-12
In base 15, what is 0 - -91?
91
In base 11, what is -503 - 5?
-508
In base 14, what is -23d + -20?
-25d
In base 10, what is 327 - -36?
363
In base 8, what is -2145 + -1?
-2146
In base 3, what is -21112 - -1?
-21111
In base 13, what is -520 + -4?
-524
In base 10, what is 14841 - -4?
14845
In base 13, what is -2 + -156?
-158
In base 15, what is 0 + 49?
49
In base 12, what is -14 - -60a?
5b6
In base 13, what is -46 - -5?
-41
In base 14, what is -ca - -4?
-c6
In base 2, what is -1011 - 1111?
-11010
In base 12, what is 15 + -11?
4
In base 7, what is -2 - 156?
-161
In base 2, what is 10 + 100011100?
100011110
In base 13, what is -7 - 43?
-4a
In base 2, what is 0 + -1111101100?
-1111101100
In base 12, what is -11 - 6?
-17
In base 13, what is -2 - 37?
-39
In base 10, what is 0 - 30?
-30
In base 13, what is -3 + -3b?
-41
In base 5, what is 10 - -1?
11
In base 2, what is 0 - -111011001?
111011001
In base 15, what is b + 6?
12
In base 7, what is 16 + -606?
-560
In base 6, what is -11 + 122?
111
In base 11, what is -265 + 1?
-264
In base 9, what is 33200 + -5?
33184
In base 15, what is -3137 + -3?
-313a
In base 4, what is 1211 + -10?
1201
In base 9, what is 4 + -1744?
-1740
In base 10, what is 2 + -1386?
-1384
In base 8, what is 214 - 57?
135
In base 2, what is -1110110111 + 101?
-1110110010
In base 10, what is -37 + 4?
-33
In base 14, what is 1a7 - 3?
1a4
In base 12, what is -4 - -85?
81
In base 13, what is 2 + -1338?
-1336
In base 4, what is 1 + -100021?
-100020
In base 8, what is -70 + -10?
-100
In base 9, what is 5 + -280?
-274
In base 14, what is -1 - 3?
-4
In base 15, what is -2 + 69?
67
In base 5, what is -421 + 11?
-410
In base 11, what is -16 + -3?
-19
In base 6, what is 0 + -200?
-200
In base 15, what is -34 - -3?
-31
In base 10, what is -692 + -19?
-711
In base 2, what is 101000 - 0?
101000
In base 10, what is 1 - -411?
412
In base 13, what is -229 + 2?
-227
In base 15, what is -9d + -6?
-a4
In base 13, what is 4 + 1329?
1330
In base 4, what is -21 + -202?
-223
In base 6, what is -24 - -100?
32
In base 13, what is -2 + 5b?
59
In base 10, what is -19 - -51?
32
In base 3, what is 12 - 20021020?
-20021001
In base 11, what is 3 + 539?
541
In base 9, what is 86 + -1?
85
In base 10, what is -31 + -79?
-110
In base 8, what is -14 - -51?
35
In base 2, what is -100000 + 101011100?
100111100
In base 14, what is 4 + -10?
-a
In base 15, what is -25a + -1?
-25b
In base 11, what is 10 + -1?
a
In base 6, what is 3 - 245?
-242
In base 14, what is 2 + -4b?
-49
In base 13, what is 18c + -7?
185
In base 8, what is 7 + -266?
-257
In base 3, what is -2102220 - 20?
-2110010
In base 11, what is 112 - 3?
10a
In base 5, what is 22 + -20433?
-20411
In base 16, what is 750 - -1?
751
In base 14, what is 1aa0 - 5?
1a99
In base 12, what is 1 + -96?
-95
In base 7, what is -603 - -4?
-566
In base 13, what is -3757 + -2?
-3759
In base 8, what is -2024 + -1?
-2025
In base 13, what is -67 - 20?
-87
In base 13, what is 1 - -35b8?
35b9
In base 9, what is -6 - 404?
-411
In base 7, what is 52 + -5?
44
In base 2, what is 10001 + -100100?
-10011
In base 7, what is 213 + 110?
323
In base 2, what is 100011 - -111010?
1011101
In base 16, what is 22 + f?
31
In base 5, what is -11423 + -131?
-12104
In base 3, what is -122 - -212?
20
In base 10, what is -250 + 2?
-248
In base 2, what is -10101 - 110?
-11011
In base 14, what is 891 + -2?
88d
In base 7, what is -3 + 61?
55
In base 12, what is 3077 - 3?
3074
In base 4, what is 233 + -3?
230
In base 3, what is 201120 + 211?
202101
In base 8, what is 10271 + 3?
10274
In base 13, what is 410 + 3?
413
In base 2, what is 1110011 - 0?
1110011
In base 7, what is 4 + -244?
-240
In base 12, what is -271 + 5?
-268
In base 16, what is -2 + 220c?
220a
In base 7, what is 2241 - -11?
2252
In base 2, what is 11100010 - -1101?
11101111
In base 3, what is 20 - 10100?
-10010
In base 3, what is 111 - 20?
21
In base 12, what is 3a - 2?
38
In base 11, what is 50 - -103?
153
In base 14, what is 0 - 14?
-14
In base 2, what is -10 - -10011001000?
10011000110
In base 11, what is -20 + 5?
-16
In base 4, what is 12 + 111?
123
In base 5, what is 31423 - -10?
31433
In base 12, what is 4 - 100?
-b8
In base 14, what is -21 + 27?
6
In base 15, what is 2e - 4?
2a
In base 6, what is -20 + -5231?
-5251
In base 4, what is 0 - -31?
31
In base 8, what is 14122 - -3?
14125
In base 9, what is 23 + -15?
7
In base 14, what is -3 - a?
-d
In base 5, what is -243 - -3?
-240
In base 15, what is 0 - -9b8?
9b8
In base 11, what is -195 - 3?
-198
In base 5, what is 10 + 440?
1000
In base 3, what is -1 + 12222?
12221
In base 15, what is 121 + 3?
124
In base 3, what is 21010 + -12?
20221
In base 12, what is 1 + 1023?
1024
In base 2, what is -11110100 - -100?
-11110000
In base 2, what is -10111000011 + -10?
-10111000101
In base 9, what is -27 + -281?
-318
In base 2, what is 10010 - 100?
1110
In base 14, what is d + -33?
-24
In base 5, what is -1313 - -10?
-1303
In base 4, what is 12011 - -310?
12321
In base 16, what is 39f - -4?
3a3
In base 13, what is 38 + 6b?
a6
In base 9, what is -271 + 11?
-260
In base 11, what is 21 - 10a?
-99
In base 10, what is -147 - 3?
-150
In base 9, what is 1056 - -5?
1062
In base 7, what is -30 + -1302?
-1332
In base 7, what is 61 + 4?
65
In base 3, what is 110120 + 2?
110122
In base 15, what is -4 - 5b?
-60
In base 13, what is -23 - -1?
-22
In base 4, what is 0 - -11?
11
In base 12, what is -6 - a?
-14
In base 15, what is 57 - 1?
56
In base 7, what is 5 - 101?
-63
In base 10, what is 1 - 457?
-456
In base 16, what is 3 + 173?
176
In base 9, what is -4 - 160?
-164
In base 2, what is -10 - -101101110?
101101100
In base 2, what is -111100000 + -10?
-111100010
In base 6, what is -2 - -20312?
20310
In base 5, what is 12310 + 4?
12314
In base 13, what is -1311 - -3?
-130b
In base 7, what is -206 - -4?
-202
In base 3, what is -110022 - 10?
-110102
In base 4, what is -1 + -13111?
-13112
In base 14, what is -d + b2?
a3
In base 12, what is 5 - -79?
82
In base 6, what is -303 + 231?
-32
In base 2, what is -1010010011 - -100?
-1010001111
In base 11, what is 140 + 62?
1a2
In base 13, what is -1 + 218?
217
In base 11, what is -30 + 1?
-2a
In base 9, what is 2 - 52?
-50
In base 11, what is -4 + 105?
101
In base 9, what is 5 + -623?
-617
In base 7, what is -3 + 525?
522
In base 7, what is 1 + -2463?
-2462
In base 8, what is -66 + -611?
-677
In base 14, what is 237 + -24?
213
In base 3, what is -210112 + 2?
-210110
In base 11, what is 15 + -a?
6
In base 16, what is 35 - 68?
-33
In base 7, what is 36 + -5?
31
In base 9, what is 304 - 12?
282
In base 7, what is 100 - -12?
1